 j(3). Let z = q + 12. Let f(t) = -3*t - 1 + z*t + 5*t + t**2. What is f(-5)?
-1
Let w(r) be the third derivative of -r**4/6 + r**3/6 - 69*r**2. Determine w(-3).
13
Let k = 3 + 0. Let m(s) = k + s + 3*s**2 - 2 - 2. Suppose -c = -q - 2, 3*q - 10 + 18 = 5*c. Give m(c).
3
Let r(j) = -5*j + 0*j - 5*j + j + 1. Let q = -16 - -9. Let u = 6 + q. Give r(u).
10
Let k(j) = -j**2 + 4*j + 12. Let d be k(6). Suppose -4*p - 3 - 9 = d. Let r(a) = a**2 + 4*a - 4. Calculate r(p).
-7
Let o be 32/(-20)*(-45)/18. Let n(t) be the third derivative of 0 + 1/3*t**3 - 1/24*t**o + 0*t + t**2. Give n(-6).
8
Let v be (-4 + 4)/((-2)/2). Suppose -2*f + v*f = -2*s - 6, 3*s - 26 = -4*f. Let y(h) = -h**2 + 6*h - 3. Give y(f).
2
Let v(w) = 4*w - 6. Let r(q) = -q + 1. Let n(j) = -r(j) + v(j). Let b(f) = -11*f + 15. Let c(i) = -4*b(i) - 9*n(i). Determine c(4).
-1
Let s(q) = -16*q - 350. Let r be s(-22). Let o(v) be the second derivative of 0 + 1/20*v**5 + 1/2*v**r + 4*v + 1/2*v**3 + 1/2*v**4. What is o(-2)?
11
Let k(n) = 5*n**2 + 10*n - 8. Let t(b) = -14*b**2 - 29*b + 24. Let a(j) = 17*k(j) + 6*t(j). Calculate a(4).
8
Let c(m) = -2*m + 1. Let a(x) = -8*x + 10. Let r(g) = a(g) - 3*c(g). Determine r(8).
-9
Let l = -10 - -13. Let r(t) = 0*t + 3 + t + l + 0. Let p = 3 - 10. Give r(p).
-1
Let i(v) = 4*v + 3. Let s(d) = -8*d - 6. Let j(t) = -7*i(t) - 4*s(t). Let y = 48 + -50. What is j(y)?
-5
Let l(s) = -2658 + 5*s - 6*s + 2638. Determine l(-15).
-5
Suppose 91 = 3*y + 76. Let b(o) = 5*o + 0*o**2 + 3*o**2 + 0 + 4 - o**3. Give b(y).
-21
Let x be 10/35*(-4)/(-8)*28. Let n(d) = 5*d. Let f(y) = y**2 + 25*y. Let p(i) = -2*f(i) + 11*n(i). Calculate p(x).
-12
Let w(y) = 3 + 3*y**2 + y - 4*y**2 + 0. Let p = -32 - -35. Determine w(p).
-3
Let h(i) = 4*i**2 + 5*i + 2. Let r = -398 - -395. Give h(r).
23
Let f(q) = -8*q**3 + 32*q**2 - 2*q - 23. Let k(u) = 3*u**3 - 13*u**2 + u + 11. Let o(d) = 2*f(d) + 5*k(d). Calculate o(0).
9
Let j(w) = -w**3 + 6*w**2 + 6*w. Suppose 0 = 8*t + 4*t - 72. Let p be 14*(t/4 - 1). Calculate j(p).
-7
Let l(u) = -u**2 + 12*u + 5. Let n(i) = -i**2 + 13*i + 7. Let w(q) = 5*l(q) - 4*n(q). What is w(7)?
4
Suppose 5 = z + r, 3*z = -0*z + 4*r + 22. Let a(b) be the third derivative of 5/6*b**3 - 3/8*b**4 + 0*b + 1/60*b**5 + 6*b**2 + 0. Determine a(z).
-13
Let q(l) be the second derivative of l**2 - 1/12*l**4 + 32*l + 0 - 5/6*l**3. Calculate q(-7).
-12
Let u(g) be the third derivative of g**4/12 - 13*g**3/6 - 264*g**2. What is u(15)?
17
Let o = -36 + 36. Let v(i) = o + i + 0*i - 3 + 0*i. Calculate v(-3).
-6
Let s(c) be the second derivative of 13*c + 5/2*c**2 + 0 - 1/3*c**3. Calculate s(7).
-9
Let h(b) = b**2 + 4*b + 2. Suppose -f - 104 = -129. Let p(z) = -z**3 + 24*z**2 + 25*z - 5. Let y be p(f). What is h(y)?
7
Let j(b) be the first derivative of 1 - b - 1/2*b**2. Give j(0).
-1
Let o(i) = i**2 - i - 1. Let h = 21 + -37. Let k = h - -13. Give o(k).
11
Let d(b) = -28*b - 37. Let s(z) = 5*z + 7. Let y(q) = 2*d(q) + 11*s(q). Determine y(6).
-3
Let d be (-36)/10 + (-14)/35. Let l be (3/(-1))/(3 + d). Let j(k) = -2*k - l + 3 - 1 + 3. Calculate j(3).
-4
Let w(q) = -q**3 - 5*q**2 - q - 5. Let t be (-7 + 2)/(-1 - (-6 - -4)). Calculate w(t).
0
Let g(y) = -6 + 21 - y + 2*y**2 - 4*y**2 - 2*y. Let x(d) = 3*d**2 + 5*d - 29. Let f(b) = 5*g(b) + 3*x(b). Determine f(0).
-12
Let h(t) = -t - 8. Let g be h(-6). Let s be ((-2)/3)/(g/(-3)). Let i(k) = 3 - 8 + 4 - 7*k. What is i(s)?
6
Let d(b) = -4*b - 3. Let w be d(-2). Suppose w*f - 6 = 3*f - 2*a, -2*f = -2*a - 26. Let j(k) = -2 + f*k - 6*k - 1 + 2. Determine j(1).
1
Let r(h) = 4*h**2 - 8*h + 12. Let v(s) = 5*s**2 - 8*s + 13. Let k(b) = 4*r(b) - 3*v(b). Let t be k(4). Let y(w) = -w - 7. Give y(t).
0
Let n(t) = -6445 + 2*t**2 - 4*t + 6441 + 0*t**2. Calculate n(-2).
12
Suppose -13*i - 319 + 267 = 0. Let v(d) = 6*d + 7. Calculate v(i).
-17
Suppose 4*o - 58 = 2*v, 2*v - 32 = -4*o + 6. Let m(s) = s - 17. Give m(o).
-5
Let b(j) be the second derivative of -j**4/12 + 7*j**3/6 - j**2 - 125*j. Let p(s) = s**3 - 3*s**2 + 3*s - 4. Let r be p(3). Determine b(r).
8
Let h(s) be the first derivative of -s**4/4 - 2*s**3/3 - s**2 + 44. Give h(-3).
15
Let n(t) = t**2 + t - 6. Let j(k) = -6*k - 184. Let f be j(-30). Give n(f).
6
Let z(f) = 6*f**3 + 8*f**2 - f + 2. Let x(n) = n**3 + 2*n**2 + 1. Let s(p) = 3*x(p) - z(p). Calculate s(-2).
15
Let h(p) = -25*p**3 - 3*p**2 - p + 1. Let s be h(-1). Suppose -3*d + 7*d = 5*f + 11, 0 = 5*d + 4*f - s. Let b(w) = -2 + 5 - d - 1 - 3*w. Determine b(4).
-14
Suppose -4*l - 11 = -f, 5*f - 19*l = -23*l + 7. Let p(o) = 10*o - 4. What is p(f)?
26
Let k be (-20)/(-8)*3/(30/32). Let y(n) = -n**2 + 8*n - 6. Let m be y(k). Let a(s) = s**3 + 7*s**2 + 3*s - 6. Determine a(m).
12
Let z(h) = 0*h + 2*h - 3 + 11. Let c be 1 + (-5)/4 + (-7520)/128. Let q = c - -52. What is z(q)?
-6
Let w = 19 + -77. Let s = 56 + w. Let n(g) be the second derivative of g**5/20 - g**4/12 - g**3/3 - g**2 - g. Determine n(s).
-10
Let v(i) = 2*i**3 - i**3 - 6*i**2 + 0*i**3 + 6*i. Suppose -133*q + 112*q = -84. Calculate v(q).
-8
Let h be ((-4)/(-3))/(2/(-6)). Let g(t) = 2*t - 5. Let u(i) = 5*i - 16. Let n(o) = -3*g(o) + u(o). Determine n(h).
3
Let l = 9 - 4. Suppose l*u - 14 - 6 = 0. Let w(z) = 4*z**2 + u*z**3 + 0*z**3 - 3*z**3 - 4*z - 3. Give w(-4).
13
Let l be 18/(-10)*(49 - 44). Let b(s) = s**2 + 11*s - 8. Give b(l).
-26
Let i(r) = -4*r + 1. Let d(q) = -4*q - 4 + 8*q + 4 - 1. Suppose 5 = 2*t - 3. Let l(g) = t*d(g) + 5*i(g). Calculate l(1).
-3
Let h(g) = -3*g**3 + 2*g**2 - 3. Let m(r) = 13*r**3 - 8*r**2 + r + 14. Let j(s) = 9*h(s) + 2*m(s). Determine j(3).
-2
Let i(p) be the first derivative of p**5/20 - p**4/8 + 32*p**3/3 + 34. Let g(b) be the third derivative of i(b). Calculate g(2).
9
Let z(o) be the third derivative of -o**7/720 - o**6/720 + o**5/10 - 8*o**2. Let s(x) be the third derivative of z(x). Let g = -2 + 1. Determine s(g).
6
Let y(s) = 6*s**2 + 4 + 0 - 5 - 4*s - 3*s**2 - 4*s**2. Give y(-6).
-13
Suppose 0 = -u + 2*g + 11, 0 = 4*u + g - 7 - 10. Suppose 11*n - u = 16*n. Let m(c) be the third derivative of -7*c**5/60 - c**4/24 - 2*c**2. Calculate m(n).
-6
Let w be 9/(-3) - (-4)/2. Let j = -6 - -1. Let n(o) = -o - 7. Let y(f) = -2*f - 6. Let m(x) = j*n(x) + 6*y(x). Give m(w).
6
Let q(x) = -2*x**2 - 2*x + 2. Suppose 4*p - 5*b = -17, -4*p = -5*p - b - 2. What is q(p)?
-10
Suppose -a + 0 = -1. Let n be -1 - a*(-21)/3. Let k(y) = -y**3 + 7*y**2 - 8*y + 2. Calculate k(n).
-10
Let y(o) = 3*o - 16. Let m be y(7). Let c(u) = 3*u - 31 + 32 - 2*u. Give c(m).
6
Let z = 8 - 13. Let c be -4 - 6/(6/z). Let y(j) = -10*j**2 + 2*j - 1. Determine y(c).
-9
Suppose i = -0*i - 2. Let o(t) = t - 4*t + 1 + 2*t + 0*t. What is o(i)?
3
Suppose -4*w + 12 = -4*u, 0 = 2*w - 5*w + u + 7. Let t(n) = -5*n**2 - 3 - w*n + 5*n**2 + n + n**2. Let q be (1 - (-1 + 5))/1. What is t(q)?
9
Suppose 10*u = 3*u + 42. Let l(k) be the third derivative of k**6/120 - k**5/10 + k**4/24 - k**3/2 - 3*k**2. Determine l(u).
3
Suppose 5*r + c - 35 = -2*c, 2*c - 7 = -r. Let v(o) = 3*o - 10. Let z(u) = u. Suppose 14 = 5*d + 4. Let k(t) = d*z(t) - v(t). Give k(r).
3
Let o(m) be the third derivative of m**4/24 + 3*m**3/2 - m**2. Let t be (-1)/(-2) - 18/(-4). Suppose -t + 9 = -v. What is o(v)?
5
Let n = -25 + 20. Let i(g) = 3*g**2 - 2*g - 6. Let t(s) = -4*s**2 + 3*s + 7. Let c(o) = n*t(o) - 6*i(o). Give c(2).
3
Let w(f) = f**2 + 6*f. Let s be w(-6). Suppose -5*b + a = -37, -5*b + s*b + 46 = 2*a. Let t be 11 - b - (-1 - -2). Let l(z) = -2*z**2 - 3*z + 2. Determine l(t).
-12
Let a(p) = p**3 + 7*p**2 - p - 4. Let t be a(-7). Let q(g) be the second derivative of -g**4/6 + 2*g**3/3 - 3*g - 102. Give q(t).
-6
Let x = -18674 + 18672. Let h(g) = 4*g - 4*g + 3*g. Calculate h(x).
-6
Let u(v) = -17 + 7 + 5 - 24 + 7469*v - 7462*v. What is u(4)?
-1
Let o(y) = -y**2 + y. Suppose -5*p - 13 = 2*b, b - 2 + 6 = 0. Give o(p).
-2
Let l(t) = -t**2 + 15*t + 31. Let x be l(17). Let f be (-27)/(-18)*16/x. Let m(a) = -a**2 - 8*a + 8. Calculate m(f).
8
Suppose 5 = 5*s - c, -c - 25 = -4*s + 4*c. Suppose s = -4*j - z - 11, -3*j = z - 4*z + 27. Let f(q) = q**2 + 4*q + 1. Determine f(j).
1
Let d be -1 - (-7 - -6)*6. Let m(q) = 0*q + 2*q - q. Calculate m(d).
5
Let w be 115 - (1 + 18/(-3)). Suppose -w = 3*r - 23*r. Let m(h) = -10 + h + 4 + h. Ca